 when 3003 is divided by 215?
208
Calculate the remainder when 305781 is divided by 163.
156
What is the remainder when 4312 is divided by 1786?
740
What is the remainder when 1986 is divided by 654?
24
What is the remainder when 1511 is divided by 378?
377
Calculate the remainder when 2497 is divided by 229.
207
What is the remainder when 599495 is divided by 22?
17
Calculate the remainder when 388653 is divided by 58.
53
Calculate the remainder when 266 is divided by 116.
34
What is the remainder when 26379 is divided by 53?
38
What is the remainder when 17448 is divided by 336?
312
Calculate the remainder when 14579 is divided by 11.
4
What is the remainder when 1358046 is divided by 77?
74
What is the remainder when 3903 is divided by 1617?
669
What is the remainder when 41087 is divided by 51?
32
Calculate the remainder when 25414 is divided by 3628.
18
What is the remainder when 9988 is divided by 554?
16
What is the remainder when 355798 is divided by 118595?
13
Calculate the remainder when 23813 is divided by 172.
77
Calculate the remainder when 4045 is divided by 144.
13
Calculate the remainder when 2358 is divided by 1023.
312
Calculate the remainder when 35961 is divided by 7184.
41
What is the remainder when 93961 is divided by 5219?
19
What is the remainder when 5042 is divided by 240?
2
Calculate the remainder when 321 is divided by 307.
14
What is the remainder when 116875 is divided by 5565?
10
Calculate the remainder when 7259 is divided by 330.
329
Calculate the remainder when 17524 is divided by 1764.
1648
What is the remainder when 69346 is divided by 190?
186
What is the remainder when 3816366 is divided by 194?
192
What is the remainder when 12580 is divided by 233?
231
Calculate the remainder when 81536 is divided by 20383.
4
Calculate the remainder when 708251 is divided by 395.
16
What is the remainder when 50101 is divided by 25042?
17
Calculate the remainder when 11174 is divided by 199.
30
What is the remainder when 3140 is divided by 442?
46
What is the remainder when 28175 is divided by 320?
15
Calculate the remainder when 1401342 is divided by 119.
117
Calculate the remainder when 1731 is divided by 47.
39
What is the remainder when 20265 is divided by 62?
53
What is the remainder when 19119 is divided by 1168?
431
What is the remainder when 84474 is divided by 61?
50
Calculate the remainder when 151008 is divided by 203.
179
Calculate the remainder when 514 is divided by 500.
14
What is the remainder when 163536 is divided by 77?
65
Calculate the remainder when 2176848 is divided by 17.
15
Calculate the remainder when 5778 is divided by 65.
58
Calculate the remainder when 204298 is divided by 68093.
19
Calculate the remainder when 93594 is divided by 13368.
18
Calculate the remainder when 154583 is divided by 37.
34
What is the remainder when 40687 is divided by 293?
253
Calculate the remainder when 34957 is divided by 95.
92
Calculate the remainder when 61935 is divided by 804.
27
What is the remainder when 926312 is divided by 697?
696
Calculate the remainder when 9175 is divided by 306.
301
What is the remainder when 219939 is divided by 166?
155
Calculate the remainder when 39596 is divided by 792.
788
What is the remainder when 41470 is divided by 8282?
60
What is the remainder when 111825 is divided by 191?
90
What is the remainder when 3978 is divided by 3888?
90
What is the remainder when 82416 is divided by 711?
651
What is the remainder when 38015 is divided by 33?
32
What is the remainder when 337351 is divided by 167?
11
Calculate the remainder when 2342624 is divided by 739.
733
Calculate the remainder when 2445449 is divided by 1190.
1189
What is the remainder when 57555 is divided by 1856?
19
What is the remainder when 4966065 is divided by 37?
36
What is the remainder when 43870 is divided by 73?
70
Calculate the remainder when 96195 is divided by 64.
3
What is the remainder when 196879 is divided by 107?
106
What is the remainder when 10498 is divided by 5229?
40
Calculate the remainder when 1395 is divided by 457.
24
Calculate the remainder when 5109 is divided by 232.
5
Calculate the remainder when 512983 is divided by 93.
88
Calculate the remainder when 29882 is divided by 490.
482
Calculate the remainder when 109822 is divided by 53.
6
Calculate the remainder when 4033 is divided by 657.
91
What is the remainder when 3889 is divided by 553?
18
What is the remainder when 5437 is divided by 49?
47
What is the remainder when 32733 is divided by 1722?
15
What is the remainder when 2998 is divided by 497?
16
What is the remainder when 782263 is divided by 7?
6
Calculate the remainder when 64960 is divided by 575.
560
What is the remainder when 145098 is divided by 418?
52
What is the remainder when 1454 is divided by 170?
94
What is the remainder when 90369 is divided by 5?
4
Calculate the remainder when 96755 is divided by 13820.
15
What is the remainder when 68860 is divided by 69?
67
What is the remainder when 535 is divided by 245?
45
Calculate the remainder when 70435 is divided by 940.
875
Calculate the remainder when 30120 is divided by 58.
18
What is the remainder when 100805 is divided by 33597?
14
Calculate the remainder when 792 is divided by 195.
12
Calculate the remainder when 12143886 is divided by 38.
36
Calculate the remainder when 2805 is divided by 935.
0
What is the remainder when 284470 is divided by 147?
25
Calculate the remainder when 1927856 is divided by 660.
656
What is the remainder when 7261 is divided by 259?
9
What is the remainder when 18987 is divided by 450?
87
Calculate the remainder when 994277 is divided by 1167.
1160
What is the remainder when 26329 is divided by 491?
306
Calculate the remainder when 3130 is divided by 3047.
83
Calculate the remainder when 72078 is divided by 97.
7
What is the remainder when 7246 is divided by 48?
46
Calculate the remainder when 4263 is divided by 1411.
30
What is the remainder when 250 is divided by 127?
123
What is the remainder when 13223 is divided by 1460?
83
What is the remainder when 17242 is divided by 1323?
43
What is the remainder when 33875 is divided by 80?
35
What is the remainder when 1980 is divided by 212?
72
What is the remainder when 3768 is divided by 3695?
73
Calculate the remainder when 113964 is divided by 16.
12
Calculate the remainder when 1111 is divided by 485.
141
What is the remainder when 48397 is divided by 40?
37
What is the remainder when 174337 is divided by 10?
7
Calculate the remainder when 274 is divided by 259.
15
Calculate the remainder when 1978 is divided by 329.
4
What is the remainder when 1447 is divided by 604?
239
What is the remainder when 33869 is divided by 33?
11
Calculate the remainder when 25002 is divided by 521.
515
What is the remainder when 25794 is divided by 266?
258
What is the remainder when 20281 is divided by 401?
231
What is the remainder when 2923 is divided by 577?
38
Calculate the remainder when 11246 is divided by 112.
46
Calculate the remainder when 2831 is divided by 675.
131
Calculate the remainder when 3915 is divided by 363.
285
What is the remainder when 5584 is divided by 13?
7
Calculate the remainder when 20717 is divided by 70.
67
Calculate the remainder when 662 is divided by 209.
35
What is the remainder when 11541 is divided by 22?
13
Calculate the remainder when 11394 is divided by 1420.
34
Calculate the remainder when 1504 is divided by 308.
272
What is the remainder when 1599 is divided by 55?
4
What is the remainder when 1234622 is divided by 137177?
29
What is the remainder when 927 is divided by 810?
117
What is the remainder when 14360 is divided by 463?
7
Calculate the remainder when 117018 is divided by 5.
3
Calculate the remainder when 615713 is divided by 307852.
9
Calculate the remainder when 585048 is divided by 50.
48
Calculate the remainder when 7076 is divided by 271.
30
What is the remainder when 14235 is divided by 76?
23
Calculate the remainder when 36779 is divided by 2455.
2409
Calculate the remainder when 5342 is divided by 774.
698
What is the remainder when 13441 is divided by 4380?
301
What is the remainder when 1289 is divided by 214?
5
What is the remainder when 4172 is divided by 4065?
107
What is the remainder when 23